*z**2 + z - 1. Suppose 20*y + 8 + 12 = 0. Let s be l(y). Calculate the greatest common factor of s and 21.
3
Let i be ((-2142)/(-252))/(2/24). Calculate the greatest common factor of i and 27642.
102
Suppose -16*v + 22*v = 2214. Suppose 0*w = -3*y + 4*w - 556, -2*w - 532 = 3*y. Let q = y + v. Calculate the greatest common factor of 21 and q.
21
Suppose 5*d + 894 = 2*q, -3*d - 1537 = -4*q + 223. Calculate the greatest common factor of 184 and q.
23
Let h(r) = 20*r**3 - 37*r**3 - 12*r**2 + 42 - r**2 + 18*r**3 + 3*r. Let f be h(13). What is the highest common divisor of f and 27?
27
Let u be 16/4 - (5 + -1). Suppose u = -4*c + 2*c + c. Suppose 8*x - 42 - 54 = c. Calculate the greatest common divisor of 60 and x.
12
Suppose -6*v + 637 = v. Suppose 5*r - 947 = -y, 3*r - 5*y = 466 + v. Let l = r - 126. Calculate the highest common factor of 7 and l.
7
Let u be (-138726)/(-90) - (3/7 + 18/(-630)). What is the greatest common factor of 253 and u?
23
Let f(m) = -11*m - 201. Let o be f(-17). Let x(k) = -32*k + 32. Let t be x(o). What is the greatest common divisor of t and 192?
96
Let v be (-14)/12 - 456586/(-2652). What is the highest common divisor of v and 798?
57
Let h(z) = -z**3 + 12*z**2 - 15*z + 14. Let i be h(10). Let f = i - -189. Let k(d) = 38*d - 167. Let l be k(5). Calculate the greatest common factor of f and l.
23
Let k = 56 + -14. Let l = 53228 - 53116. What is the highest common factor of k and l?
14
Suppose 104857 = 21*c + 22*c + 4*c. Calculate the highest common divisor of c and 23.
23
Suppose -6*q - 4364 = -4274. Let b = q + 370. What is the greatest common factor of 10 and b?
5
Let n(v) = -v**3 - 34*v**2 - 16*v - 1115. Let x be n(-35). Calculate the highest common divisor of x and 1206.
134
Suppose -3*y = -5*y + 92. Let s(u) = 31*u**2 - 24*u + 258. Let g be s(8). Let d = -2048 + g. What is the highest common factor of d and y?
2
Let g = -5473 + 6508. What is the greatest common factor of g and 225?
45
Let z(r) = -17*r + 113. Let j be z(6). Suppose 3*l = 4*o + j - 164, 3 = 3*l. Calculate the highest common divisor of o and 13.
13
Let z be 15/(-27) + 13885270/2637. What is the highest common factor of 65 and z?
65
Let m be (1 + 2/(-6))/(68/1938). Let k(j) = -j**3 + 7*j**2 - 8*j + 13. Let c be k(6). Let b be -1*(c + 0)*-19. What is the highest common divisor of b and m?
19
Let n(x) = -12*x + 6. Let k = 551 - 565. Let m be n(k). What is the greatest common divisor of m and 116?
58
Let x(w) = -w**2 + 88*w - 1462. Let t be x(32). Suppose 4*g - g - 90 = 0. Calculate the highest common factor of t and g.
30
Let n(l) = 0*l - 9 - l**2 + 5 + 2*l + l. Let y be n(3). Let k be y/(-28) + (-208)/(-14). What is the highest common factor of 10 and k?
5
Suppose -2*x = 2*w - 64, 2*w + 3*x - 10 - 56 = 0. Let n be ((-10)/w)/((-2)/258). What is the highest common factor of n and 43?
43
Let x be 3/(-6) - 3/(-6)*-3. Let j be 14/x*(-19)/((-399)/(-90)). Calculate the highest common factor of j and 15.
15
Let l(k) = -29*k - 3. Let t be l(-3). Let q = t + -81. Let v = 6 + 3. What is the greatest common factor of v and q?
3
Suppose -1515 = -11*y + 1851. What is the greatest common divisor of 186 and y?
6
Let x be ((-4)/(-6))/(1/1407). Let r be 4/(-6) - x/(-21). Suppose 5*l + 0*l - w = 50, 3*l - 5*w = 8. Calculate the highest common divisor of r and l.
11
Let n(j) = -2*j**3 + 111*j**2 - 51*j + 18. Let o be n(55). Calculate the highest common divisor of o and 742.
14
Let n = 5415 + -5363. Calculate the highest common factor of 182 and n.
26
Let j = 8118 + -7999. Let g(q) = 52*q - 1. Let x be g(1). Calculate the highest common factor of x and j.
17
Let l = 636 - 472. Let f be (3198/l)/((-2)/(-4)). Let k(c) = 6*c - 4. Let j be k(5). What is the greatest common divisor of j and f?
13
Let g(b) = -3*b + 30. Let d be g(-8). Suppose 13*j - d = 4*j. Suppose 4*z + 4*q = 1004, z = j*z - 4*q - 1228. Calculate the highest common divisor of 31 and z.
31
Let m be 3/(12/(-19376)*-14). What is the highest common factor of m and 7093?
173
Let r = -9657 + 9690. Calculate the highest common factor of 12925 and r.
11
Let u = 4486 + -4463. Calculate the greatest common factor of u and 2507.
23
Suppose 657 = 14*w + 59*w. Suppose 60 = -2*f + 4*f. Suppose v = 5*v + 3*n - f, 3*v - 4*n - 10 = 0. Calculate the greatest common factor of w and v.
3
Let d(o) = 53*o - 31. Let j(m) = -104*m + 59. Let t(v) = 5*d(v) + 2*j(v). Let g be t(1). What is the greatest common factor of 980 and g?
20
Suppose -2*l - 3*w + 1844 = 0, 670*l + 5*w - 901 = 669*l. Calculate the highest common divisor of 245 and l.
49
Let j = -18 + 41. Let u = -2257 - -2487. What is the highest common factor of j and u?
23
Let g = 650 + -628. Suppose -g*b + 1904 = -8*b. Calculate the greatest common divisor of b and 34.
34
Let b(s) = -1130*s + 167. Let j be b(-6). Suppose -j = -13*y + 125. What is the highest common factor of y and 34?
34
Suppose -6204 = -563464*r + 563452*r. Let k = -10 - -43. Calculate the highest common factor of r and k.
11
Suppose 3705 = 5*q - o, 4*o = 2*q + 5*q - 5174. What is the highest common factor of q and 42?
14
Let n be (-93726)/(-12) - 30/(-60). Calculate the highest common divisor of n and 107.
107
Let i = 166 + -82. Let u be ((-12543)/(-37))/(2 - (2 - -1)). Let g = 395 + u. What is the greatest common factor of i and g?
28
Suppose 0 = 2*h - 3*k - 63, 0 = 2*h + 4*k - 18 - 10. Let y(r) = -7*r + 190. Let b be y(h). What is the greatest common factor of 275 and b?
11
Suppose 6 = 7*x - 36. Let v(i) = i**2 + 5*i + 5. Let u be v(-3). Let k be 4*-21*u/x. Calculate the greatest common divisor of 14 and k.
14
Suppose -3*z + 0*q = q + 31, q + 53 = -5*z. Let n be z/(77/2) + 1130/35. Calculate the highest common divisor of 224 and n.
32
Suppose 1383*d - 10260 = 1347*d. What is the highest common factor of d and 45?
15
Suppose 3*h = 1057 - 280. Let v be 109 - (-1 + 4 - (1 - -5)). Suppose -v = -3*l + r - 0*r, -3*r + 145 = 4*l. What is the greatest common divisor of h and l?
37
Let w be (6 + 0)*(-10)/8*(-2376)/220. Calculate the highest common factor of 27 and w.
27
Let t be 10/((-5 + 7)/2). Suppose 12 = t*i - 78. Suppose i*u - 275 = 4*u. What is the highest common divisor of 22 and u?
11
Suppose 140 - 7 = 7*p. Suppose -2*d = -4*y - 644, 22*d - 998 = p*d - 2*y. Calculate the greatest common factor of d and 20.
10
Let r = 12149 - 12113. Calculate the greatest common divisor of 1041 and r.
3
Let m be (-2)/(-7) + 520/91. Let u = 8372 - 8150. Calculate the highest common factor of m and u.
6
Let q(v) = 2*v**3 - 14*v**2 + 4*v - 24. Suppose b - 2*y - 15 = -2*b, -2*b - 3*y = -23. Let z be q(b). Calculate the highest common divisor of z and 2.
2
Suppose 2*p + 5*z + 1 = -108, -2*p + 5*z - 119 = 0. Let y be -1*(209/p - (-2)/(-6)). Suppose 16 = 12*u - y*u. What is the greatest common factor of u and 14?
2
Let b be ((-14)/(-42))/((-1)/177). Let f = b - -108. Let q = -20 + f. Calculate the greatest common factor of 319 and q.
29
Suppose 94*j + 9900 = 112*j. Suppose 2*o + 250 = 7*o. Calculate the greatest common factor of j and o.
50
Let h(r) = -41*r - 155. Let q be h(-5). Calculate the greatest common divisor of 725 and q.
25
Suppose -65 - 56 = 3*p - t, -p - 44 = -4*t. Let c = 5871 + -5899. Let h = c - p. What is the highest common divisor of h and 24?
12
Suppose 80*c - 79*c = 0. Suppose -f + 0*f + 5*d + 37 = c, 0 = -2*d - 2. What is the greatest common divisor of 128 and f?
32
Suppose f - 4771 = -19. Calculate the highest common divisor of 99 and f.
99
Let s = 151 - 145. Let t(d) = d + 38. Let z be t(-28). Let c be (-3)/(-15) - (38/z)/(-1). What is the greatest common factor of c and s?
2
Let a(z) = -z**2 - 18*z + 5. Let i be a(-18). Suppose t - 29 = -3*y + 6*t, -4*y - i*t = -97. What is the greatest common divisor of y and 12?
6
Let z(p) = -p**3 + 13*p**2 - 12*p + 10. Let d(a) = a**2 - 24*a + 147. Let j be d(15). Let f be z(j). What is the greatest common factor of f and 110?
10
Suppose -829*v = -843*v + 291564. What is the greatest common divisor of v and 39?
39
Let v = -66 - -71. Suppose -3*b = -2*z - 109, -210 = -v*b - 4*z - 21. What is the highest common divisor of b and 37?
37
Let o be ((-8)/(-6))/(2/(-12)). Let y(f) = -108*f + 332. Let k be y(3). Let g = k - o. What is the highest common divisor of 1 and g?
1
Let h